61623 and 2214?
369
What is the highest common divisor of 40 and 63555?
5
Calculate the greatest common divisor of 43 and 115.
1
What is the highest common divisor of 5856 and 30432?
96
What is the highest common divisor of 11960 and 62960?
40
Calculate the highest common factor of 15494 and 61488.
122
What is the highest common factor of 180 and 14585?
5
Calculate the highest common factor of 4260 and 128652.
852
What is the highest common divisor of 2414 and 850?
34
Calculate the highest common factor of 3397 and 6004.
79
What is the highest common factor of 2002 and 64834?
154
Calculate the highest common divisor of 7843 and 3047.
11
What is the greatest common factor of 410 and 18491?
41
What is the greatest common divisor of 35214 and 180?
6
Calculate the greatest common factor of 5010 and 9185.
835
What is the highest common factor of 437436 and 36?
36
What is the highest common divisor of 336845 and 10?
5
Calculate the highest common factor of 46744 and 40.
8
Calculate the greatest common divisor of 247177 and 35.
7
Calculate the greatest common divisor of 23064 and 31.
31
Calculate the highest common divisor of 5623674 and 4626.
1542
Calculate the greatest common factor of 340 and 1200.
20
Calculate the highest common factor of 90 and 129519.
9
What is the highest common divisor of 68782 and 1547?
119
What is the highest common factor of 115 and 6394?
23
Calculate the greatest common divisor of 3731 and 234.
13
Calculate the greatest common factor of 84720 and 105.
15
What is the highest common factor of 3479 and 469?
7
Calculate the highest common factor of 40 and 103590.
10
Calculate the highest common factor of 13824 and 1872.
144
Calculate the greatest common factor of 234696 and 78.
6
Calculate the highest common factor of 2425 and 64505.
485
What is the highest common divisor of 59913 and 5103?
189
Calculate the highest common factor of 76494 and 44.
22
Calculate the highest common divisor of 2891 and 5959.
59
Calculate the greatest common divisor of 160 and 10848.
32
Calculate the greatest common factor of 34989 and 981.
327
Calculate the greatest common factor of 16960 and 17755.
265
Calculate the greatest common divisor of 253914 and 3131.
101
What is the highest common factor of 30 and 2061282?
6
Calculate the highest common factor of 15370 and 318.
106
What is the highest common factor of 60 and 74355?
15
What is the highest common factor of 34823 and 485?
97
Calculate the greatest common divisor of 1468881 and 18.
9
Calculate the greatest common factor of 436 and 110417.
109
What is the greatest common divisor of 3497 and 46537?
269
Calculate the greatest common factor of 57 and 11409.
3
What is the highest common factor of 3786 and 174?
6
Calculate the highest common divisor of 1026 and 45714.
114
Calculate the highest common factor of 2070 and 25024230.
2070
Calculate the greatest common factor of 2312640 and 225.
45
Calculate the highest common divisor of 52551 and 9.
9
What is the highest common factor of 48 and 642032?
16
Calculate the highest common factor of 112 and 435568.
112
Calculate the highest common factor of 322 and 429506.
14
What is the greatest common factor of 351107 and 6597?
733
Calculate the highest common factor of 189 and 490.
7
What is the highest common divisor of 1040 and 27820?
260
What is the greatest common divisor of 124 and 7910363?
31
Calculate the greatest common factor of 195 and 12792.
39
Calculate the greatest common factor of 2839 and 15197.
167
What is the greatest common divisor of 53658 and 1386?
198
What is the greatest common divisor of 1333 and 215?
43
Calculate the greatest common divisor of 63 and 322546.
7
Calculate the highest common factor of 16120 and 95.
5
What is the highest common factor of 657 and 156439?
73
What is the greatest common divisor of 266 and 6678?
14
What is the highest common factor of 307236 and 12?
12
What is the highest common divisor of 32172 and 84?
84
What is the highest common divisor of 6868 and 340?
68
What is the greatest common divisor of 867 and 188717?
289
Calculate the greatest common divisor of 774 and 66478.
86
Calculate the greatest common factor of 31168 and 288.
32
Calculate the highest common factor of 1377330 and 30.
30
Calculate the highest common factor of 36260 and 222.
74
What is the highest common factor of 50737 and 226?
113
Calculate the greatest common divisor of 1775 and 9585.
355
What is the greatest common divisor of 334890 and 80?
10
Calculate the greatest common factor of 1222 and 2549092.
1222
What is the highest common factor of 1219 and 124550?
53
What is the highest common divisor of 13590 and 165?
15
What is the greatest common factor of 216 and 137652?
12
What is the highest common divisor of 18232 and 16960?
424
What is the greatest common divisor of 4 and 586?
2
Calculate the highest common divisor of 100170 and 12614.
742
Calculate the greatest common factor of 384496 and 112.
112
What is the greatest common factor of 288 and 451160?
8
What is the highest common divisor of 4658150 and 350?
350
What is the highest common divisor of 25848 and 9216?
72
What is the highest common factor of 3279 and 1?
1
Calculate the greatest common factor of 1340374 and 70.
14
What is the highest common divisor of 42194 and 136?
34
Calculate the highest common factor of 793 and 6649.
61
Calculate the highest common factor of 63252 and 36.
36
What is the highest common divisor of 143 and 30693?
13
Calculate the greatest common factor of 64 and 214.
2
What is the highest common divisor of 573 and 21?
3
What is the highest common divisor of 49152 and 84?
12
What is the greatest common factor of 621 and 15617?
23
Calculate the highest common divisor of 73 and 44895.
73
What is the greatest common factor of 477 and 1471863?
159
Calculate the highest common factor of 2125 and 5406.
17
Calculate the highest common divisor of 3 and 774021.
3
What is the highest common factor of 383328 and 55?
11
Calculate the greatest common factor of 11781620 and 1940.
1940
Calculate the highest common factor of 134299 and 198.
11
Calculate the greatest common factor of 408639 and 366.
183
What is the greatest common divisor of 7526 and 77106?
142
What is the greatest common divisor of 498 and 593?
1
Calculate the highest common factor of 1577 and 7968.
83
Calculate the highest common factor of 41405 and 910.
455
What is the greatest common factor of 1736 and 1652?
28
Calculate the highest common divisor of 22 and 209671.
11
What is the highest common divisor of 791 and 13972?
7
Calculate the highest common factor of 417 and 96.
3
Calculate the greatest common divisor of 10 and 1844365.
5
What is the highest common divisor of 576 and 524352?
192
Calculate the highest common factor of 247 and 325.
13
Calculate the highest common divisor of 151 and 289.
1
Calculate the greatest common divisor of 112842 and 9.
9
What is the highest common factor of 142 and 12490178?
142
What is the greatest common factor of 2353 and 75839?
181
What is the greatest common factor of 26 and 19646003?
13
Calculate the highest common factor of 78003 and 486.
243
What is the greatest common divisor of 66 and 178827?
33
Calculate the highest common divisor of 338 and 2874014.
338
Calculate the highest common divisor of 540688 and 56.
8
Calculate the highest common factor of 15347 and 3874.
149
What is the highest common divisor of 348 and 5532?
12
Calculate the highest common factor of 262101 and 105.
21
Calculate the highest common factor of 99934 and 290.
58
What is the highest common divisor of 38430 and 126?
126
What is the highest common divisor of 3619 and 2497?
11
Calculate the greatest common factor of 917829 and 292.
73
What is the greatest common divisor of 215925 and 900?
75
Calculate the greatest common divisor of 152763 and 507.
39
What is the highest common divisor of 40 and 3424740?
20
Calculate the greatest common factor of 3458 and 10640.
266
What is the highest common factor of 820 and 2390?
10
Calculate the highest common divisor of 417626 and 246.
82
Calculate the highest common divisor of 40610 and 12838.
262
Calculate the highest common factor of 24928 and 2788.
164
What is the highest common divisor of 5177 and 992?
31
What is the greatest common factor of 